ime number?
False
Suppose 0*w = -w + 221. Is w composite?
True
Let u(w) = -w**2 - 3*w + 4. Let i be u(-4). Suppose 0 = -2*t - 0 + 4. Suppose m + t*m - 66 = i. Is m a prime number?
False
Suppose 0 = 2*o + 5*a + 7, 2*o + 2*a = -0*o - 4. Let m be (4/(-10))/(o/(-5)). Is (-80 - 1)/(-1) + m a composite number?
False
Suppose -h - 4*v + 25 = 0, 0 = h + v - 37 - 0. Let w = 145 - h. Let g = -69 + w. Is g prime?
False
Suppose 4*d + 12 = 2*x, 2*x + 2*d = -4 - 8. Let s = x - 6. Let q(h) = -13*h + 11. Is q(s) composite?
True
Let k(y) = 19*y**2 + y - 1. Suppose 0 = -0*j + 2*j - 4. Is k(j) a composite number?
True
Let c(q) = 18*q - 20. Suppose -4*o + 6*n = n - 36, 5*n + 50 = 5*o. Let a be c(o). Suppose -a = -4*s - 0*w - 4*w, -3*w - 121 = -2*s. Is s a prime number?
True
Suppose -2*a = 0, 0*d = -d + 3*a. Suppose d = -4*j - 0*j. Suppose 3*f - 274 = 5*w, -5*f + 2*w = -j*f - 425. Is f a composite number?
False
Suppose 5*a - 39 = -3*y - 0*y, -a + 4*y = 6. Suppose 4*z + 234 = a. Let k = -6 - z. Is k a composite number?
True
Let g(y) = -149*y + 7. Let k be g(-6). Suppose 0 = -3*n - 4*m + k, 5*n + 0*n - m = 1471. Is n prime?
False
Let i = -829 - -1460. Is i a prime number?
True
Let c = 207 - 130. Is c a composite number?
True
Suppose d - 21 = 4*q, 3*d = 4*d - 2*q - 15. Suppose -2*b + 0*b = 5*c - 81, 0 = -3*c + d. Is b a prime number?
False
Let s(k) = -209*k + 10. Is s(-17) prime?
False
Suppose -g = 2*f + 23 - 1, 88 = -4*g + 5*f. Let j = 104 + g. Is j composite?
True
Let f be 4/(-8) - (-365)/2. Suppose b + b - f = 0. Is b a prime number?
False
Let n = 275 - -60. Is n composite?
True
Let b be -20*-2*2/16. Suppose 2*k - 4*j - 83 - 35 = 0, 3*k = -b*j + 155. Is k a composite number?
True
Suppose 0 = -4*i - 111 + 923. Let w = i + -138. Is w a prime number?
False
Let z be 1/((-6)/8)*-3. Suppose z*p + h - 932 = 0, -3*p - 2*p + 2*h = -1165. Is p a composite number?
False
Suppose -2915 = 28*i - 33*i. Is i a prime number?
False
Let f be (-14)/(-8) + (-1)/(-4). Let p be -22*(f - (-27)/(-6)). Suppose -r + 22 = -p. Is r composite?
True
Let d(m) = 14*m + 2. Suppose 4*t = t + 15. Let y be d(t). Suppose -3*h = -3*o + y, 1 = -2*h - 9. Is o a composite number?
False
Suppose g - 4 = -2*m - 0, 0 = 3*g - 4*m + 38. Is 1/(-3) + (-476)/g a composite number?
False
Let r(w) = -557*w**3 - w**2 - w. Is r(-1) composite?
False
Let s = 12 + -22. Let u be 8/(-20) - 1894/s. Suppose 2*g = -0*g - 5*i + u, -2*g = 2*i - 180. Is g prime?
False
Is 764/(-6)*6/(-4) prime?
True
Suppose -5*f + 14*f - 39681 = 0. Is f a prime number?
True
Let n be (-4)/14 + 10100/(-28). Let z = -160 - n. Is z a prime number?
False
Let r = 410 + 131. Is r prime?
True
Let b be (-2*2)/(4/(-2)). Suppose u - b*u = -30. Suppose 5*y + u - 135 = 0. Is y prime?
False
Let i(k) = 58*k**2 + 2*k + 1. Let j be i(-1). Suppose -f = -t - 2*t - 3, 3*f = -3*t - 3. Suppose -5*n = f, r - 30 = -n + j. Is r composite?
True
Let u be 12*(1 - (-2)/(-3)). Suppose -4*l - 4*c + 2*c = -14, -l + u = c. Suppose -4*f - l*n = -2*n - 48, f = -4*n + 27. Is f composite?
False
Let l be -1*(5 - (-1 + 0)). Let a(y) = -2*y - 9. Let d be a(l). Suppose -5*v - f = -291, 2*v + 2*v - d*f - 248 = 0. Is v prime?
True
Let d be ((-2)/(-4))/(2/(-4)). Let b(h) = -13*h**3 + h**2 - 4*h - 5. Let w be b(-2). Is w*d/(-3)*1 composite?
False
Let d(b) = 11*b - 3. Let a(f) = -56*f + 14. Let g(t) = -3*a(t) - 16*d(t). Is g(-5) a composite number?
True
Let a = -80 + 8. Let m = 160 + a. Let r = -23 + m. Is r a prime number?
False
Suppose -5*d + 4*d + 5 = 0, 0 = 5*u - d. Is 4 - 2 - (u + -66) composite?
False
Suppose s = -0*s + 4. Let y be 1/s - (-275)/20. Is 3303/21 + (-4)/y a composite number?
False
Let p = 6 - -51. Is p a composite number?
True
Suppose -1346 = 5*s - 7*s. Is s prime?
True
Let i(a) = a + 9. Let f be (-23)/3 + 12/18. Let l be i(f). Is -1*1/l*-106 a prime number?
True
Let i(y) = y**3 + 6*y**2 + 9*y + 6. Is i(-4) a prime number?
True
Is 2 - (-492 - 0) - -5 prime?
True
Is (-586)/(-2 + 0/(-5)) a prime number?
True
Let g = 2 - 1. Suppose 4*b - 178 = u + 2*u, 4*u - b + 259 = 0. Is (g/(-3))/(1/u) a composite number?
True
Let i be ((-8)/(-6))/(4/6). Let b(w) = -w**3 - 8*w**2 - 7*w + 2. Let x be b(-7). Suppose x*s = 5*p + 89, -i*p - 15 = s - 46. Is s a prime number?
True
Is (-473)/((5 - 1)/(-4)) composite?
True
Let v(w) = w**3 - 12*w**2 + 11*w + 5. Let l be v(11). Let s(d) = 3*d**2 - 6. Is s(l) a prime number?
False
Let g(m) = -m**3 + 7*m**2 - 6*m + 4. Let r be g(6). Suppose -2*o = r*c - 180, -3*c + 9 = 2*o - 126. Let j = 4 + c. Is j composite?
True
Let b(a) = 8*a**2 - 3*a - 5. Let o = -27 - -21. Is b(o) prime?
False
Suppose -p = 2*p. Suppose -j + 4*m + 23 = p, -3*j = -j + m - 10. Is j a composite number?
False
Is ((-2)/((-4)/(-38)))/(-1) prime?
True
Suppose 0*x = 2*x - 58. Suppose x + 145 = 3*d. Is d prime?
False
Let t(q) = -q**2 - 7*q - 5. Let n be t(-5). Let x be (-2)/(-5) + (-14)/10. Let h = n - x. Is h prime?
False
Suppose 2 + 2 = -c + h, 8 = -3*c - h. Let l = -1 - c. Suppose -345 = -4*k + 3*q, -5*q + 67 = l*k - 112. Is k a composite number?
True
Let m = 150 - -1779. Is m a prime number?
False
Let b(d) = 53*d + 11. Let h(x) = -35*x - 7. Let y(g) = -5*b(g) - 8*h(g). Let c(i) = i**3 - 9*i**2 - 21*i - 9. Let r be c(11). Is y(r) composite?
False
Let x(h) = 7*h**2 - h - 1. Let m be x(-3). Let b(u) = -u**2 - 9*u + 7. Let j be b(-9). Suppose 2*p - j*p = -m. Is p a composite number?
False
Suppose -17 = -5*d - 2. Let w = 3 - d. Suppose 0*i - 3*i + 435 = w. Is i a composite number?
True
Let d = -364 + 521. Is d a prime number?
True
Let c(v) = v**3 - 2*v**2 - 9*v + 7. Let i be c(7). Suppose i + 104 = u. Is u a prime number?
True
Suppose -4*b + 2*b + 14 = 0. Let o = -40 - -40. Let q = b - o. Is q a prime number?
True
Let q be (-4 - (-4)/2) + -12. Is (-156)/8*q/3 prime?
False
Suppose 0*l + 4*l = 2*f + 2, l + f - 8 = 0. Suppose -p = -0*p + l*o - 1862, -p + 3*o + 1832 = 0. Is p a prime number?
True
Let f(o) = -o. Suppose -12 = -4*s - 32. Let d be f(s). Suppose 4*p + 219 = d*a, 3*a - 2*a - 44 = p. Is a a composite number?
False
Let o = -248 + 371. Let t = -161 + 247. Let w = o - t. Is w prime?
True
Suppose -2*b = -2 - 2. Suppose 4*u + b = -3*k + 22, 2*k + 25 = 5*u. Suppose k = -3*x - 4 + 49. Is x prime?
False
Suppose -4 = -2*y + 5*s + 16, y - 16 = 4*s. Suppose 2*j - 3*v + 54 = y, 3*j + 3*v + 55 = v. Is (-2)/(-6) - 1778/j a prime number?
False
Suppose 0 = 4*l + 3*t - 1569, 3*l = t - 418 + 1598. Suppose -269 = -2*u - r, -2*r - l = -6*u + 3*u. Is u a composite number?
True
Let a = 496 - -118. Is a a prime number?
False
Suppose 7*f = -f + 60872. Is f prime?
False
Let x = 17 - 16. Suppose -5*k - 317 = -z, -k + 3 + x = 0. Is z composite?
False
Suppose 10 + 10 = 5*z. Suppose 2*n + 4*v = 234, 0*v - 498 = -z*n - 2*v. Is n a prime number?
True
Suppose d - 909 = 5*a, 2*a + 4 = 3*a. Is d a prime number?
True
Let n = 466 - 272. Is n a composite number?
True
Let x = 1 + -2. Let y be 13 - 1 - 2/x. Suppose j + 3*p = 23, 2*j - 32 = -3*p + y. Is j composite?
False
Let a = -6 + 8. Let g be -1*(1 + a + -2). Is g/(-2)*-55*-2 composite?
True
Suppose 4*w = -q + 120, 0*q + 89 = 3*w + q. Is w prime?
True
Let j(h) = -h - 4. Let l be j(-4). Suppose l = 3*u - 13 + 1. Suppose -u*d - d = -75. Is d prime?
False
Suppose 6*k - 2*k = 28. Let c(u) = 4*u**2 + 4*u - 3. Is c(k) a prime number?
False
Is 2/(-12) + (-5713)/(-6) + -1 prime?
False
Suppose q - 49 = 76. Let b = q - -462. Is b a composite number?
False
Is 9968 - (2 + 2 + -1 + -2) a prime number?
True
Let z(m) = 5 - 4*m - 2*m**2 + m + 0*m**2. Let o(r) = r**2 + r - 2. Let s(i) = -5*o(i) - 3*z(i). Is s(6) a composite number?
True
Suppose q = -0*q + o + 1311, 0 = -4*q - 2*o + 5244. Let u = -698 + q. Is u composite?
False
Suppose -6*r + r + 255 = 0. Let y = 44 + r. Is y composite?
True
Let h(r) = -4*r**3 + 5*r**2 - 2*r - 72. Is h(-7) a prime number?
True
Suppose -2*k = 4, -5*k - 518 = -3*f - k. Suppose 5*n + 9 = 24, 3*n + f = m. Is m a prime number?
True
Let j(u) = -7*u**3 + 2*u**2 - 6*u + 9. Let a(h) = h**3 - h**2 + h - 1. Let f(p) = -6*a(p) - j(p). Is f(-3) prime?
False
Let g(q) = -q**2 - 2*q - 95. Let x be g(0). Is -3 - x/2*4 a prime number?
False
Suppose 2 = -3*z - 1. Is (-1 - (z - 551)) + 2 a composite number?
True
Let c = -210 - -316. Suppose 0 = -k + 3*k - c. Is k a pri